{"id":207,"date":"2022-09-15T14:06:44","date_gmt":"2022-09-15T12:06:44","guid":{"rendered":"https:\/\/catedraendesa.unizar.es\/catedraweb\/?page_id=207"},"modified":"2025-06-26T13:46:51","modified_gmt":"2025-06-26T11:46:51","slug":"presentacion-organizacion","status":"publish","type":"page","link":"https:\/\/catedraendesa.unizar.es\/catedraweb\/presentacion-organizacion\/","title":{"rendered":"Organizaci\u00f3n"},"content":{"rendered":"\n<p class=\"has-medium-font-size\"><strong>Director y Codirector<\/strong><\/p>\n\n\n\n<figure class=\"wp-block-table personas-table\"><table class=\"has-fixed-layout\"><tbody><tr><td class=\"has-text-align-center\" data-align=\"center\"><img loading=\"lazy\" decoding=\"async\" width=\"150\" height=\"171\" class=\"wp-image-209\" style=\"width: 150px;\" src=\"https:\/\/catedraendesa.unizar.es\/catedraweb\/wp-content\/uploads\/2022\/09\/personas-jose-fco-sanz-osorio.png\" alt=\"\"> <br>Jos\u00e9 Fco Sanz Osorio<\/td><td>Director de la C\u00e1tedra por parte de la Universidad de Zaragoza.<br>Profesor del Departamento de Ingenier\u00eda El\u00e9ctrica<\/td><\/tr><tr><td class=\"has-text-align-center\" data-align=\"center\"><img loading=\"lazy\" decoding=\"async\" width=\"150\" height=\"200\" class=\"wp-image-1024\" style=\"width: 150px;\" src=\"https:\/\/catedraendesa.unizar.es\/catedraweb\/wp-content\/uploads\/2025\/06\/Ignacio-Berenguer.png\" alt=\"\" srcset=\"https:\/\/catedraendesa.unizar.es\/catedraweb\/wp-content\/uploads\/2025\/06\/Ignacio-Berenguer.png 1200w, https:\/\/catedraendesa.unizar.es\/catedraweb\/wp-content\/uploads\/2025\/06\/Ignacio-Berenguer-225x300.png 225w, https:\/\/catedraendesa.unizar.es\/catedraweb\/wp-content\/uploads\/2025\/06\/Ignacio-Berenguer-768x1024.png 768w, https:\/\/catedraendesa.unizar.es\/catedraweb\/wp-content\/uploads\/2025\/06\/Ignacio-Berenguer-1152x1536.png 1152w\" sizes=\"auto, (max-width: 150px) 100vw, 150px\" \/><br>Ignacio Berenguer Garc\u00eda<\/td><td>Codirector de la C\u00e1tedra por parte de Endesa<br>Business Improvement, e-distribuci\u00f3n<\/td><\/tr><\/tbody><\/table><\/figure>\n\n\n\n<p class=\"has-medium-font-size\"><strong>Miembros de la Comisi\u00f3n Mixta de Seguimiento<\/strong><\/p>\n\n\n\n<p>Por parte de Endesa:<\/p>\n\n\n\n<figure class=\"wp-block-table personas-table\"><table class=\"has-fixed-layout\"><tbody><tr><td class=\"has-text-align-center\" data-align=\"center\"><img decoding=\"async\" src=\"https:\/\/catedraendesa.unizar.es\/catedraweb\/wp-content\/uploads\/2022\/09\/personas-ignacio-montaner-gutierrez.png\" alt=\"\" style=\"width: 150px;\"><br>Ignacio Montaner Guti\u00e9rrez<\/td><td>Director de Endesa en Arag\u00f3n. Presidente de la C\u00e1tedra<\/td><\/tr><tr><td class=\"has-text-align-center\" data-align=\"center\"><img loading=\"lazy\" decoding=\"async\" width=\"150\" height=\"197\" class=\"wp-image-1025\" style=\"width: 150px;\" src=\"https:\/\/catedraendesa.unizar.es\/catedraweb\/wp-content\/uploads\/2025\/06\/Eva-Maria-Balsera.jpg\" alt=\"\" srcset=\"https:\/\/catedraendesa.unizar.es\/catedraweb\/wp-content\/uploads\/2025\/06\/Eva-Maria-Balsera.jpg 535w, https:\/\/catedraendesa.unizar.es\/catedraweb\/wp-content\/uploads\/2025\/06\/Eva-Maria-Balsera-229x300.jpg 229w\" sizes=\"auto, (max-width: 150px) 100vw, 150px\" \/><br>Eva Mar\u00eda Balsera Pe\u00f1a<\/td><td>Directora del \u00c1rea Territorial de e-Distribuci\u00f3n<\/td><\/tr><tr><td class=\"has-text-align-center\" data-align=\"center\"><img loading=\"lazy\" decoding=\"async\" width=\"150\" height=\"197\" class=\"wp-image-1023\" style=\"width: 150px;\" src=\"https:\/\/catedraendesa.unizar.es\/catedraweb\/wp-content\/uploads\/2025\/06\/Mario-Fernandez-scaled.jpg\" alt=\"\" srcset=\"https:\/\/catedraendesa.unizar.es\/catedraweb\/wp-content\/uploads\/2025\/06\/Mario-Fernandez-scaled.jpg 1948w, https:\/\/catedraendesa.unizar.es\/catedraweb\/wp-content\/uploads\/2025\/06\/Mario-Fernandez-228x300.jpg 228w, https:\/\/catedraendesa.unizar.es\/catedraweb\/wp-content\/uploads\/2025\/06\/Mario-Fernandez-779x1024.jpg 779w, https:\/\/catedraendesa.unizar.es\/catedraweb\/wp-content\/uploads\/2025\/06\/Mario-Fernandez-768x1009.jpg 768w, https:\/\/catedraendesa.unizar.es\/catedraweb\/wp-content\/uploads\/2025\/06\/Mario-Fernandez-1169x1536.jpg 1169w, https:\/\/catedraendesa.unizar.es\/catedraweb\/wp-content\/uploads\/2025\/06\/Mario-Fernandez-1559x2048.jpg 1559w\" sizes=\"auto, (max-width: 150px) 100vw, 150px\" \/><br>Mario Fern\u00e1ndez Jim\u00e9nez<\/td><td>Head of Strategic Projects &amp; Business Improvement, e-distribuci\u00f3n<\/td><\/tr><\/tbody><\/table><\/figure>\n\n\n\n<p>Por parte de la Universidad de Zaragoza:<\/p>\n\n\n\n<figure class=\"wp-block-table personas-table\"><table class=\"has-fixed-layout\"><tbody><tr><td class=\"has-text-align-center\" data-align=\"center\"><img loading=\"lazy\" decoding=\"async\" width=\"150\" height=\"178\" class=\"wp-image-1022\" style=\"width: 150px;\" src=\"https:\/\/catedraendesa.unizar.es\/catedraweb\/wp-content\/uploads\/2025\/06\/manuel-bedia.jpg\" alt=\"\" srcset=\"https:\/\/catedraendesa.unizar.es\/catedraweb\/wp-content\/uploads\/2025\/06\/manuel-bedia.jpg 404w, https:\/\/catedraendesa.unizar.es\/catedraweb\/wp-content\/uploads\/2025\/06\/manuel-bedia-253x300.jpg 253w\" sizes=\"auto, (max-width: 150px) 100vw, 150px\" \/><br>Manuel Gonz\u00e1lez Bedia<\/td><td>Vicerrector de Innovaci\u00f3n, Transferencia y Formaci\u00f3n Permanente<\/td><\/tr><tr><td class=\"has-text-align-center\" data-align=\"center\"><img loading=\"lazy\" decoding=\"async\" width=\"150\" height=\"178\" class=\"wp-image-1026\" style=\"width: 150px;\" src=\"https:\/\/catedraendesa.unizar.es\/catedraweb\/wp-content\/uploads\/2025\/06\/rafael-pagan_0.jpg\" alt=\"\" srcset=\"https:\/\/catedraendesa.unizar.es\/catedraweb\/wp-content\/uploads\/2025\/06\/rafael-pagan_0.jpg 404w, https:\/\/catedraendesa.unizar.es\/catedraweb\/wp-content\/uploads\/2025\/06\/rafael-pagan_0-253x300.jpg 253w\" sizes=\"auto, (max-width: 150px) 100vw, 150px\" \/><br>Rafael Pag\u00e1n Tom\u00e1s<\/td><td>Vicerrector de infraestructuras y sostenibilidad<\/td><\/tr><tr><td class=\"has-text-align-center\" data-align=\"center\"><img loading=\"lazy\" decoding=\"async\" width=\"150\" height=\"182\" class=\"wp-image-215\" style=\"width: 150px;\" src=\"https:\/\/catedraendesa.unizar.es\/catedraweb\/wp-content\/uploads\/2022\/09\/personas-mari-paz-comech-moreno.png\" alt=\"\" srcset=\"https:\/\/catedraendesa.unizar.es\/catedraweb\/wp-content\/uploads\/2022\/09\/personas-mari-paz-comech-moreno.png 844w, https:\/\/catedraendesa.unizar.es\/catedraweb\/wp-content\/uploads\/2022\/09\/personas-mari-paz-comech-moreno-247x300.png 247w, https:\/\/catedraendesa.unizar.es\/catedraweb\/wp-content\/uploads\/2022\/09\/personas-mari-paz-comech-moreno-768x932.png 768w\" sizes=\"auto, (max-width: 150px) 100vw, 150px\" \/><br>Mari Paz Comech Moreno <\/td><td>Profesora Departamento Ing. El\u00e9ctrica. Secretaria de la C\u00e1tedra<\/td><\/tr><\/tbody><\/table><\/figure>\n\n\n\n<p><\/p>\n","protected":false},"excerpt":{"rendered":"<p>Director y Codirector Jos\u00e9 Fco Sanz Osorio Director de la C\u00e1tedra por parte de la Universidad de Zaragoza.Profesor del Departamento de Ingenier\u00eda El\u00e9ctrica Ignacio Berenguer Garc\u00eda Codirector de la C\u00e1tedra por parte de EndesaBusiness Improvement, e-distribuci\u00f3n Miembros de la Comisi\u00f3n Mixta de Seguimiento Por parte de Endesa: Ignacio Montaner Guti\u00e9rrez Director de Endesa en Arag\u00f3n. [&hellip;]<\/p>\n","protected":false},"author":1,"featured_media":0,"parent":0,"menu_order":0,"comment_status":"closed","ping_status":"closed","template":"","meta":{"footnotes":""},"class_list":["post-207","page","type-page","status-publish","hentry","post"],"_links":{"self":[{"href":"https:\/\/catedraendesa.unizar.es\/catedraweb\/wp-json\/wp\/v2\/pages\/207","targetHints":{"allow":["GET"]}}],"collection":[{"href":"https:\/\/catedraendesa.unizar.es\/catedraweb\/wp-json\/wp\/v2\/pages"}],"about":[{"href":"https:\/\/catedraendesa.unizar.es\/catedraweb\/wp-json\/wp\/v2\/types\/page"}],"author":[{"embeddable":true,"href":"https:\/\/catedraendesa.unizar.es\/catedraweb\/wp-json\/wp\/v2\/users\/1"}],"replies":[{"embeddable":true,"href":"https:\/\/catedraendesa.unizar.es\/catedraweb\/wp-json\/wp\/v2\/comments?post=207"}],"version-history":[{"count":35,"href":"https:\/\/catedraendesa.unizar.es\/catedraweb\/wp-json\/wp\/v2\/pages\/207\/revisions"}],"predecessor-version":[{"id":1031,"href":"https:\/\/catedraendesa.unizar.es\/catedraweb\/wp-json\/wp\/v2\/pages\/207\/revisions\/1031"}],"wp:attachment":[{"href":"https:\/\/catedraendesa.unizar.es\/catedraweb\/wp-json\/wp\/v2\/media?parent=207"}],"curies":[{"name":"wp","href":"https:\/\/api.w.org\/{rel}","templated":true}]}}

Organización

<p class="has-medium-font-size"><strong>Director y Codirector</strong></p>



<figure class="wp-block-table personas-table"><table class="has-fixed-layout"><tbody><tr><td class="has-text-align-center" data-align="center"><img loading="lazy" decoding="async" width="150" height="171" class="wp-image-209" style="width: 150px;" src="https://catedraendesa.unizar.es/catedraweb/wp-content/uploads/2022/09/personas-jose-fco-sanz-osorio.png" alt=""> <br>José Fco Sanz Osorio</td><td>Director de la Cátedra por parte de la Universidad de Zaragoza.<br>Profesor del Departamento de Ingeniería Eléctrica</td></tr><tr><td class="has-text-align-center" data-align="center"><img loading="lazy" decoding="async" width="150" height="200" class="wp-image-1024" style="width: 150px;" src="https://catedraendesa.unizar.es/catedraweb/wp-content/uploads/2025/06/Ignacio-Berenguer.png" alt="" srcset="https://catedraendesa.unizar.es/catedraweb/wp-content/uploads/2025/06/Ignacio-Berenguer.png 1200w, https://catedraendesa.unizar.es/catedraweb/wp-content/uploads/2025/06/Ignacio-Berenguer-225x300.png 225w, https://catedraendesa.unizar.es/catedraweb/wp-content/uploads/2025/06/Ignacio-Berenguer-768x1024.png 768w, https://catedraendesa.unizar.es/catedraweb/wp-content/uploads/2025/06/Ignacio-Berenguer-1152x1536.png 1152w" sizes="auto, (max-width: 150px) 100vw, 150px" /><br>Ignacio Berenguer García</td><td>Codirector de la Cátedra por parte de Endesa<br>Business Improvement, e-distribución</td></tr></tbody></table></figure>



<p class="has-medium-font-size"><strong>Miembros de la Comisión Mixta de Seguimiento</strong></p>



<p>Por parte de Endesa:</p>



<figure class="wp-block-table personas-table"><table class="has-fixed-layout"><tbody><tr><td class="has-text-align-center" data-align="center"><img decoding="async" src="https://catedraendesa.unizar.es/catedraweb/wp-content/uploads/2022/09/personas-ignacio-montaner-gutierrez.png" alt="" style="width: 150px;"><br>Ignacio Montaner Gutiérrez</td><td>Director de Endesa en Aragón. Presidente de la Cátedra</td></tr><tr><td class="has-text-align-center" data-align="center"><img loading="lazy" decoding="async" width="150" height="197" class="wp-image-1025" style="width: 150px;" src="https://catedraendesa.unizar.es/catedraweb/wp-content/uploads/2025/06/Eva-Maria-Balsera.jpg" alt="" srcset="https://catedraendesa.unizar.es/catedraweb/wp-content/uploads/2025/06/Eva-Maria-Balsera.jpg 535w, https://catedraendesa.unizar.es/catedraweb/wp-content/uploads/2025/06/Eva-Maria-Balsera-229x300.jpg 229w" sizes="auto, (max-width: 150px) 100vw, 150px" /><br>Eva María Balsera Peña</td><td>Directora del Área Territorial de e-Distribución</td></tr><tr><td class="has-text-align-center" data-align="center"><img loading="lazy" decoding="async" width="150" height="197" class="wp-image-1023" style="width: 150px;" src="https://catedraendesa.unizar.es/catedraweb/wp-content/uploads/2025/06/Mario-Fernandez-scaled.jpg" alt="" srcset="https://catedraendesa.unizar.es/catedraweb/wp-content/uploads/2025/06/Mario-Fernandez-scaled.jpg 1948w, https://catedraendesa.unizar.es/catedraweb/wp-content/uploads/2025/06/Mario-Fernandez-228x300.jpg 228w, https://catedraendesa.unizar.es/catedraweb/wp-content/uploads/2025/06/Mario-Fernandez-779x1024.jpg 779w, https://catedraendesa.unizar.es/catedraweb/wp-content/uploads/2025/06/Mario-Fernandez-768x1009.jpg 768w, https://catedraendesa.unizar.es/catedraweb/wp-content/uploads/2025/06/Mario-Fernandez-1169x1536.jpg 1169w, https://catedraendesa.unizar.es/catedraweb/wp-content/uploads/2025/06/Mario-Fernandez-1559x2048.jpg 1559w" sizes="auto, (max-width: 150px) 100vw, 150px" /><br>Mario Fernández Jiménez</td><td>Head of Strategic Projects &amp; Business Improvement, e-distribución</td></tr></tbody></table></figure>



<p>Por parte de la Universidad de Zaragoza:</p>



<figure class="wp-block-table personas-table"><table class="has-fixed-layout"><tbody><tr><td class="has-text-align-center" data-align="center"><img loading="lazy" decoding="async" width="150" height="178" class="wp-image-1022" style="width: 150px;" src="https://catedraendesa.unizar.es/catedraweb/wp-content/uploads/2025/06/manuel-bedia.jpg" alt="" srcset="https://catedraendesa.unizar.es/catedraweb/wp-content/uploads/2025/06/manuel-bedia.jpg 404w, https://catedraendesa.unizar.es/catedraweb/wp-content/uploads/2025/06/manuel-bedia-253x300.jpg 253w" sizes="auto, (max-width: 150px) 100vw, 150px" /><br>Manuel González Bedia</td><td>Vicerrector de Innovación, Transferencia y Formación Permanente</td></tr><tr><td class="has-text-align-center" data-align="center"><img loading="lazy" decoding="async" width="150" height="178" class="wp-image-1026" style="width: 150px;" src="https://catedraendesa.unizar.es/catedraweb/wp-content/uploads/2025/06/rafael-pagan_0.jpg" alt="" srcset="https://catedraendesa.unizar.es/catedraweb/wp-content/uploads/2025/06/rafael-pagan_0.jpg 404w, https://catedraendesa.unizar.es/catedraweb/wp-content/uploads/2025/06/rafael-pagan_0-253x300.jpg 253w" sizes="auto, (max-width: 150px) 100vw, 150px" /><br>Rafael Pagán Tomás</td><td>Vicerrector de infraestructuras y sostenibilidad</td></tr><tr><td class="has-text-align-center" data-align="center"><img loading="lazy" decoding="async" width="150" height="182" class="wp-image-215" style="width: 150px;" src="https://catedraendesa.unizar.es/catedraweb/wp-content/uploads/2022/09/personas-mari-paz-comech-moreno.png" alt="" srcset="https://catedraendesa.unizar.es/catedraweb/wp-content/uploads/2022/09/personas-mari-paz-comech-moreno.png 844w, https://catedraendesa.unizar.es/catedraweb/wp-content/uploads/2022/09/personas-mari-paz-comech-moreno-247x300.png 247w, https://catedraendesa.unizar.es/catedraweb/wp-content/uploads/2022/09/personas-mari-paz-comech-moreno-768x932.png 768w" sizes="auto, (max-width: 150px) 100vw, 150px" /><br>Mari Paz Comech Moreno </td><td>Profesora Departamento Ing. Eléctrica. Secretaria de la Cátedra</td></tr></tbody></table></figure>



<p></p>

<p>Director y Codirector José Fco Sanz Osorio Director de la Cátedra por parte de la Universidad de Zaragoza.Profesor del Departamento de Ingeniería Eléctrica Ignacio Berenguer García Codirector de la Cátedra por parte de EndesaBusiness Improvement, e-distribución Miembros de la Comisión Mixta de Seguimiento Por parte de Endesa: Ignacio Montaner Gutiérrez Director de Endesa en Aragón. [&hellip;]</p>
