{"id":602,"date":"2022-11-15T08:54:11","date_gmt":"2022-11-15T07:54:11","guid":{"rendered":"https:\/\/catedraendesa.unizar.es\/catedraweb\/?page_id=602"},"modified":"2023-06-14T10:32:01","modified_gmt":"2023-06-14T08:32:01","slug":"otras-actividades","status":"publish","type":"page","link":"https:\/\/catedraendesa.unizar.es\/catedraweb\/otras-actividades\/","title":{"rendered":"Otras actividades"},"content":{"rendered":"\n<div id=\"pl-602\" class=\"panel-layout\">\n<div id=\"pg-602-0\" class=\"panel-grid panel-no-style\">\n<div id=\"pgc-602-0-0\" class=\"panel-grid-cell\" data-weight=\"1\">\n<div id=\"panel-602-0-0-0\" class=\"so-panel widget widget_sow-editor panel-first-child panel-last-child\" data-index=\"0\">\n<div class=\"so-widget-sow-editor so-widget-sow-editor-base\">\n<div class=\"siteorigin-widget-tinymce textwidget\">\n<p>La C\u00e1tedra participa o ha participado junto con personal de Endesa en otras actividades, tales como:<\/p>\n<h3>Participaci\u00f3n en Futurred<\/h3>\n<figure><img loading=\"lazy\" decoding=\"async\" class=\"size-full wp-image-606 alignleft\" src=\"https:\/\/catedraendesa.unizar.es\/catedraweb\/wp-content\/uploads\/2022\/11\/Futured.jpg\" alt=\"\" width=\"180\" height=\"112\"><\/figure><p><\/p>\n<\/div>\n<\/div>\n<\/div>\n<\/div>\n<\/div>\n<p>La C\u00e1tedra ha participado en los grupos de trabajo de:<\/p>\n<ul>\n<li>Flexibilidad: <a href=\"https:\/\/www.futured.es\/grupo-trabajo-flexibilidad\/\">https:\/\/www.futured.es\/grupo-trabajo-flexibilidad\/<\/a><\/li>\n<li>Veh\u00edculo El\u00e9ctrico: <a href=\"https:\/\/www.futured.es\/grupo-de-vehiculo-electrico\/\">https:\/\/www.futured.es\/grupo-de-vehiculo-electrico\/<\/a><\/li>\n<li>Almacenamiento: <a href=\"https:\/\/www.futured.es\/grupo-de-vehiculo-electrico\/\">https:\/\/www.futured.es\/grupo-de-vehiculo-electrico\/<\/a><\/li>\n<\/ul>\n<p>&nbsp;<\/p>\n<\/div>\n\n\n\n<h3 class=\"wp-block-heading\">Participaci\u00f3n en las reuniones de trabajo del Proyecto Digital Twin Ciudad de Zaragoza<\/h3>\n\n\n\n<p>En este proyecto en se est\u00e1 desarrollando un gemelo digital de la calle don Jaime y las manzanas de edificios que hay en ella, con objeto de conocer y evaluar las pautas de consumo en los comercios, oficinas, viviendas de dicha calle, se trabaja con datos de consumo el\u00e9ctricos y de gas, as\u00ed como con el movimiento de personas y transacciones econ\u00f3micas realizadas con tarjeta de pago, con objeto de revitalizar el comercio.<\/p>\n\n\n<div class=\"wp-block-image\">\n<figure class=\"aligncenter size-full is-resized\"><img loading=\"lazy\" decoding=\"async\" src=\"https:\/\/catedraendesa.unizar.es\/catedraweb\/wp-content\/uploads\/2022\/11\/Proyecto-Digital-Twin-.jpg\" alt=\"\" class=\"wp-image-615\" width=\"400\" height=\"206\" srcset=\"https:\/\/catedraendesa.unizar.es\/catedraweb\/wp-content\/uploads\/2022\/11\/Proyecto-Digital-Twin-.jpg 1004w, https:\/\/catedraendesa.unizar.es\/catedraweb\/wp-content\/uploads\/2022\/11\/Proyecto-Digital-Twin--300x155.jpg 300w, https:\/\/catedraendesa.unizar.es\/catedraweb\/wp-content\/uploads\/2022\/11\/Proyecto-Digital-Twin--768x398.jpg 768w\" sizes=\"auto, (max-width: 400px) 100vw, 400px\" \/><\/figure><\/div>\n\n\n<h3 class=\"wp-block-heading\">An\u00e1lisis del efecto de la ca\u00edda de rayos sobre l\u00edneas de distribuci\u00f3n subterr\u00e1neas<\/h3>\n\n\n\n<p>An\u00e1lisis del efecto de la ca\u00edda de rayos sobre l\u00edneas de distribuci\u00f3n subterr\u00e1neas<\/p>\n\n\n\n<p>Se ha generado un informe en el que se analiza la casu\u00edstica y el efecto de la ca\u00edda de rayos en l\u00edneas el\u00e9ctricas de distribuci\u00f3n subterr\u00e1neas.<\/p>\n\n\n<div class=\"wp-block-image\">\n<figure class=\"aligncenter size-full is-resized\"><img loading=\"lazy\" decoding=\"async\" src=\"https:\/\/catedraendesa.unizar.es\/catedraweb\/wp-content\/uploads\/2022\/11\/rayo.jpg\" alt=\"\" class=\"wp-image-616\" width=\"250\" height=\"333\" srcset=\"https:\/\/catedraendesa.unizar.es\/catedraweb\/wp-content\/uploads\/2022\/11\/rayo.jpg 316w, https:\/\/catedraendesa.unizar.es\/catedraweb\/wp-content\/uploads\/2022\/11\/rayo-225x300.jpg 225w\" sizes=\"auto, (max-width: 250px) 100vw, 250px\" \/><\/figure><\/div>","protected":false},"excerpt":{"rendered":"<p>La C\u00e1tedra participa o ha participado junto con personal de Endesa en otras actividades, tales como: Participaci\u00f3n en Futurred La C\u00e1tedra ha participado en los grupos de trabajo de: Flexibilidad: https:\/\/www.futured.es\/grupo-trabajo-flexibilidad\/ Veh\u00edculo El\u00e9ctrico: https:\/\/www.futured.es\/grupo-de-vehiculo-electrico\/ Almacenamiento: https:\/\/www.futured.es\/grupo-de-vehiculo-electrico\/ &nbsp; Participaci\u00f3n en las reuniones de trabajo del Proyecto Digital Twin Ciudad de Zaragoza En este proyecto en se [&hellip;]<\/p>\n","protected":false},"author":1,"featured_media":0,"parent":0,"menu_order":0,"comment_status":"closed","ping_status":"closed","template":"","meta":{"footnotes":""},"class_list":["post-602","page","type-page","status-publish","hentry","post"],"_links":{"self":[{"href":"https:\/\/catedraendesa.unizar.es\/catedraweb\/wp-json\/wp\/v2\/pages\/602","targetHints":{"allow":["GET"]}}],"collection":[{"href":"https:\/\/catedraendesa.unizar.es\/catedraweb\/wp-json\/wp\/v2\/pages"}],"about":[{"href":"https:\/\/catedraendesa.unizar.es\/catedraweb\/wp-json\/wp\/v2\/types\/page"}],"author":[{"embeddable":true,"href":"https:\/\/catedraendesa.unizar.es\/catedraweb\/wp-json\/wp\/v2\/users\/1"}],"replies":[{"embeddable":true,"href":"https:\/\/catedraendesa.unizar.es\/catedraweb\/wp-json\/wp\/v2\/comments?post=602"}],"version-history":[{"count":8,"href":"https:\/\/catedraendesa.unizar.es\/catedraweb\/wp-json\/wp\/v2\/pages\/602\/revisions"}],"predecessor-version":[{"id":715,"href":"https:\/\/catedraendesa.unizar.es\/catedraweb\/wp-json\/wp\/v2\/pages\/602\/revisions\/715"}],"wp:attachment":[{"href":"https:\/\/catedraendesa.unizar.es\/catedraweb\/wp-json\/wp\/v2\/media?parent=602"}],"curies":[{"name":"wp","href":"https:\/\/api.w.org\/{rel}","templated":true}]}}