{"id":618,"date":"2022-11-15T09:46:18","date_gmt":"2022-11-15T08:46:18","guid":{"rendered":"https:\/\/catedraendesa.unizar.es\/catedraweb\/?page_id=618"},"modified":"2025-10-27T17:14:53","modified_gmt":"2025-10-27T16:14:53","slug":"becas","status":"publish","type":"page","link":"https:\/\/catedraendesa.unizar.es\/catedraweb\/becas\/","title":{"rendered":"Pr\u00e1cticas"},"content":{"rendered":"\n<p>La C\u00e1tedra Endesa convoca varias becas lo largo del a\u00f1o para el desarrollo de Trabajos fin de Grado o Trabajos fin de Master, adecuados a la tem\u00e1tica de las l\u00edneas de investigaci\u00f3n y proyectos en marcha.<\/p>\n\n\n\n<p>Estas Becas disponen de una cuant\u00eda de 700 \u20ac mensuales + SS y la duraci\u00f3n depende del trabajo a realizar y la fecha de entrega del TFG o TFM. Actualmente la C\u00e1tedra tiene tres becas en marcha para las actividades:<\/p>\n\n\n\n<h4 class=\"wp-block-heading\">Contratos de pr\u00e1cticas disponibles<\/h4>\n\n\n\n<p>2 pr\u00e1cticas para el estudio del <a href=\"https:\/\/catedraendesa.unizar.es\/catedraweb\/wp-content\/uploads\/2025\/10\/2025_10_24_Convocatoria-de-Beca_redes-rurales_V2-1.pdf\">impacto de las energ\u00edas renovables y la electrificaci\u00f3n de la demanda en redes rurales<\/a>.<\/p>\n\n\n\n<p><strong>Nuestros alumnos (foto, tema de investigaci\u00f3n, fechas y t\u00edtulo de TFM o TFG)<\/strong><\/p>\n\n\n\n<figure class=\"wp-block-table personas-table\"><table><tbody><tr><td><img loading=\"lazy\" decoding=\"async\" width=\"150\" height=\"150\" class=\"wp-image-981\" style=\"width: 150px;\" src=\"https:\/\/catedraendesa.unizar.es\/catedraweb\/wp-content\/uploads\/2025\/06\/Juan-manuel-Perie.jpg\" alt=\"\" srcset=\"https:\/\/catedraendesa.unizar.es\/catedraweb\/wp-content\/uploads\/2025\/06\/Juan-manuel-Perie.jpg 200w, https:\/\/catedraendesa.unizar.es\/catedraweb\/wp-content\/uploads\/2025\/06\/Juan-manuel-Perie-150x150.jpg 150w\" sizes=\"auto, (max-width: 150px) 100vw, 150px\" \/><\/td><td><strong>Juan Manuel Peri\u00e9 Buil<\/strong><br><ul><li>Estudio de las aplicaciones de bater\u00edas de segunda vida<\/li><li>Tesis Doctoral: En desarrollo<\/li><li>Enero 2025- septiembre 2025 <\/li><\/ul><span style=\"font-family: inherit; font-size: inherit; font-weight: inherit; color: initial;\"><\/span><\/td><\/tr><tr><td>\n    <img decoding=\"async\" class=\"wp-image-999\" style=\"width: 150px;\" src=\"https:\/\/catedraendesa.unizar.es\/catedraweb\/wp-content\/uploads\/2025\/06\/Foto-Miguel-Claver-Used-scaled.jpeg\" alt=\"Miguel Claver Used\">\n  <\/td><td><strong>Miguel Claver Used<\/strong><ul><li>An\u00e1lisis de las limitaciones de nuevas cargas en red rural d\u00e9bil<\/li><li>T\u00edtulo del TFG: An\u00e1lisis del impacto de la conexi\u00f3n de recursos energ\u00e9ticos distribuidos en una red rural de baja tensi\u00f3n mediante simulaci\u00f3n en PowerFactory<\/li><li>Noviembre 2024 &#8211; septiembre 2025<\/li><\/ul><\/td><\/tr><tr><td><img loading=\"lazy\" decoding=\"async\" width=\"150\" height=\"225\" class=\"wp-image-971\" style=\"width: 150px;\" src=\"https:\/\/catedraendesa.unizar.es\/catedraweb\/wp-content\/uploads\/2025\/06\/IMG-20241126-WA0004.jpg\" alt=\"\" srcset=\"https:\/\/catedraendesa.unizar.es\/catedraweb\/wp-content\/uploads\/2025\/06\/IMG-20241126-WA0004.jpg 1365w, https:\/\/catedraendesa.unizar.es\/catedraweb\/wp-content\/uploads\/2025\/06\/IMG-20241126-WA0004-200x300.jpg 200w, https:\/\/catedraendesa.unizar.es\/catedraweb\/wp-content\/uploads\/2025\/06\/IMG-20241126-WA0004-683x1024.jpg 683w, https:\/\/catedraendesa.unizar.es\/catedraweb\/wp-content\/uploads\/2025\/06\/IMG-20241126-WA0004-768x1152.jpg 768w, https:\/\/catedraendesa.unizar.es\/catedraweb\/wp-content\/uploads\/2025\/06\/IMG-20241126-WA0004-1024x1536.jpg 1024w\" sizes=\"auto, (max-width: 150px) 100vw, 150px\" \/><\/td><td><strong>Javier Manrique L\u00f3pez<\/strong><br><ul><li>L\u00ednea de trabajo: an\u00e1lisis de los accidentes de aves en redes de<\/li>distribuci\u00f3n aplicando tecnolog\u00eda Big Data <li>T\u00edtulo del TFM: An\u00e1lisis de la casu\u00edstica de accidentes de aves en l\u00edneas de tensi\u00f3n usando t\u00e9cnicas Big Data<\/li><\/ul><ul><li>Octubre 2024-septiembre 2025<\/li><\/ul><\/td><\/tr><tr><td><img loading=\"lazy\" decoding=\"async\" width=\"175\" height=\"177\" class=\"wp-image-807\" style=\"width: 175px;\" src=\"https:\/\/catedraendesa.unizar.es\/catedraweb\/wp-content\/uploads\/2024\/06\/Samir-Benkhira-Puente.jpg\" alt=\"\" srcset=\"https:\/\/catedraendesa.unizar.es\/catedraweb\/wp-content\/uploads\/2024\/06\/Samir-Benkhira-Puente.jpg 600w, https:\/\/catedraendesa.unizar.es\/catedraweb\/wp-content\/uploads\/2024\/06\/Samir-Benkhira-Puente-297x300.jpg 297w\" sizes=\"auto, (max-width: 175px) 100vw, 175px\" \/><\/td><td><strong>Samir Benkhira Puente<\/strong><br><ul><li>Estudio de las aplicaciones de bater\u00edas de segunda vida<\/li><li>T\u00edtulo del TFG: Estudio de las aplicaciones de bater\u00edas de segunda vida<\/li><li>Febrero 2024 &#8211; diciembre 2024<\/li><\/ul><\/td><\/tr><tr><td><img loading=\"lazy\" decoding=\"async\" width=\"175\" height=\"244\" class=\"wp-image-808\" style=\"width: 175px;\" src=\"https:\/\/catedraendesa.unizar.es\/catedraweb\/wp-content\/uploads\/2024\/06\/Silvio-Raul-Cuc.jpg\" alt=\"\" srcset=\"https:\/\/catedraendesa.unizar.es\/catedraweb\/wp-content\/uploads\/2024\/06\/Silvio-Raul-Cuc.jpg 600w, https:\/\/catedraendesa.unizar.es\/catedraweb\/wp-content\/uploads\/2024\/06\/Silvio-Raul-Cuc-216x300.jpg 216w\" sizes=\"auto, (max-width: 175px) 100vw, 175px\" \/><\/td><td><strong>Silvio Ra\u00fal Cuc<\/strong><br><ul><li>An\u00e1lisis de las limitaciones de nuevas cargas en red rural d\u00e9bil<\/li><li>T\u00edtulo del TFG: Integraci\u00f3n de recursos el\u00e9ctricos distribuidos en redes rurales<\/li><li>Febrero 2024- septiembre 2024<\/li><\/ul><\/td><\/tr><tr><td><img loading=\"lazy\" decoding=\"async\" width=\"150\" height=\"173\" class=\"wp-image-989\" style=\"width: 150px;\" src=\"https:\/\/catedraendesa.unizar.es\/catedraweb\/wp-content\/uploads\/2025\/06\/David-Asin.jpg\" alt=\"\" srcset=\"https:\/\/catedraendesa.unizar.es\/catedraweb\/wp-content\/uploads\/2025\/06\/David-Asin.jpg 380w, https:\/\/catedraendesa.unizar.es\/catedraweb\/wp-content\/uploads\/2025\/06\/David-Asin-260x300.jpg 260w\" sizes=\"auto, (max-width: 150px) 100vw, 150px\" \/><\/td><td><strong>David As\u00edn Calvo<\/strong><br><ul><li>An\u00e1lisis de las limitaciones de nuevas cargas en red rural d\u00e9bil<\/li><li>T\u00edtulo del TFG: An\u00e1lisis del impacto de la conexi\u00f3n de recursos energ\u00e9ticos distribuidos en una red rural de baja tensi\u00f3n mediante simulaci\u00f3n con Power-Factory<\/li><li>Septiembre 2022- diciembre 2023<\/li><\/ul><\/td><\/tr><tr><td><img loading=\"lazy\" decoding=\"async\" width=\"150\" height=\"177\" class=\"wp-image-636\" style=\"width: 150px;\" src=\"https:\/\/catedraendesa.unizar.es\/catedraweb\/wp-content\/uploads\/2022\/11\/Luis-Jimenez-Delso-e1750673512278.jpg\" alt=\"\"><\/td><td><strong>Luis Jim\u00e9nez Delso<\/strong><br><ul><li>L\u00ednea de trabajo: an\u00e1lisis de los accidentes de aves en redes de<\/li>distribuci\u00f3n aplicando tecnolog\u00eda Big Data <li>T\u00edtulo del TFM: An\u00e1lisis de la casu\u00edstica de accidentes de aves en l\u00edneas de tensi\u00f3n usando t\u00e9cnicas Big Data <\/li><li>Junio 2022 -diciembre 2023<\/li><\/ul><\/td><\/tr><tr><td><img loading=\"lazy\" decoding=\"async\" width=\"175\" height=\"279\" class=\"alignnone size-medium wp-image-626\" style=\"width: 175px;\" src=\"https:\/\/catedraendesa.unizar.es\/catedraweb\/wp-content\/uploads\/2022\/11\/Andres-Bitrian-Sierra-188x300.jpg\" alt=\"\" srcset=\"https:\/\/catedraendesa.unizar.es\/catedraweb\/wp-content\/uploads\/2022\/11\/Andres-Bitrian-Sierra-188x300.jpg 188w, https:\/\/catedraendesa.unizar.es\/catedraweb\/wp-content\/uploads\/2022\/11\/Andres-Bitrian-Sierra.jpg 202w\" sizes=\"auto, (max-width: 175px) 100vw, 175px\" \/><\/td><td><p><strong>Andr\u00e9s Bitrian Sierra<\/strong> <\/p><ul><li>L\u00ednea de trabajo: estudio de las aplicaciones de bater\u00edas de segunda vida <\/li><li>T\u00edtulo del TFM: en desarrollo <\/li><li>Noviembre 2021 &#8211; enero 2023<\/li><\/ul><\/td><\/tr><tr><td><img loading=\"lazy\" decoding=\"async\" width=\"175\" height=\"195\" class=\"alignnone size-full wp-image-627\" style=\"width: 175px;\" src=\"https:\/\/catedraendesa.unizar.es\/catedraweb\/wp-content\/uploads\/2022\/11\/Elena-Arrazola-Puerta.jpg\" alt=\"\"><\/td><td><p><strong>Elena Arrazola Puerta<\/strong>  <\/p><ul><li>L\u00ednea de trabajo: An\u00e1lisis de las limitaciones de nuevas cargas en red rural d\u00e9bil <\/li><li>T\u00edtulo del TFM: Impacto de la integraci\u00f3n del veh\u00edculo el\u00e9ctrico en redes rurales de baja tensi\u00f3n <\/li><li>Noviembre 2021 \u2013 junio 2022 <\/li><\/ul><\/td><\/tr><tr><td><img loading=\"lazy\" decoding=\"async\" width=\"175\" height=\"175\" class=\"wp-image-628\" style=\"width: 175px;\" src=\"https:\/\/catedraendesa.unizar.es\/catedraweb\/wp-content\/uploads\/2022\/11\/Gonzalo-Berne-Melguizo.jpg\" alt=\"\" srcset=\"https:\/\/catedraendesa.unizar.es\/catedraweb\/wp-content\/uploads\/2022\/11\/Gonzalo-Berne-Melguizo.jpg 536w, https:\/\/catedraendesa.unizar.es\/catedraweb\/wp-content\/uploads\/2022\/11\/Gonzalo-Berne-Melguizo-300x300.jpg 300w, https:\/\/catedraendesa.unizar.es\/catedraweb\/wp-content\/uploads\/2022\/11\/Gonzalo-Berne-Melguizo-150x150.jpg 150w\" sizes=\"auto, (max-width: 175px) 100vw, 175px\" \/><\/td><td><strong>Gonzalo Bern\u00e9 Melguizo<\/strong><ul><li>L\u00ednea de trabajo: desarrollo de aplicaci\u00f3n de realidad aumentada<\/li><li>T\u00edtulo del TFG: Aplicaci\u00f3n de realidad aumentada para la monitorizaci\u00f3n y control de un equipo de electr\u00f3nica de potencia<\/li><li>Octubre 2020 &#8211; marzo 2021<\/li><\/ul><\/td><\/tr><\/tbody><\/table><\/figure>\n","protected":false},"excerpt":{"rendered":"<p>La C\u00e1tedra Endesa convoca varias becas lo largo del a\u00f1o para el desarrollo de Trabajos fin de Grado o Trabajos fin de Master, adecuados a la tem\u00e1tica de las l\u00edneas de investigaci\u00f3n y proyectos en marcha. Estas Becas disponen de una cuant\u00eda de 700 \u20ac mensuales + SS y la duraci\u00f3n depende del trabajo a [&hellip;]<\/p>\n","protected":false},"author":1,"featured_media":0,"parent":0,"menu_order":0,"comment_status":"closed","ping_status":"closed","template":"","meta":{"footnotes":""},"class_list":["post-618","page","type-page","status-publish","hentry","post"],"_links":{"self":[{"href":"https:\/\/catedraendesa.unizar.es\/catedraweb\/wp-json\/wp\/v2\/pages\/618","targetHints":{"allow":["GET"]}}],"collection":[{"href":"https:\/\/catedraendesa.unizar.es\/catedraweb\/wp-json\/wp\/v2\/pages"}],"about":[{"href":"https:\/\/catedraendesa.unizar.es\/catedraweb\/wp-json\/wp\/v2\/types\/page"}],"author":[{"embeddable":true,"href":"https:\/\/catedraendesa.unizar.es\/catedraweb\/wp-json\/wp\/v2\/users\/1"}],"replies":[{"embeddable":true,"href":"https:\/\/catedraendesa.unizar.es\/catedraweb\/wp-json\/wp\/v2\/comments?post=618"}],"version-history":[{"count":52,"href":"https:\/\/catedraendesa.unizar.es\/catedraweb\/wp-json\/wp\/v2\/pages\/618\/revisions"}],"predecessor-version":[{"id":1048,"href":"https:\/\/catedraendesa.unizar.es\/catedraweb\/wp-json\/wp\/v2\/pages\/618\/revisions\/1048"}],"wp:attachment":[{"href":"https:\/\/catedraendesa.unizar.es\/catedraweb\/wp-json\/wp\/v2\/media?parent=618"}],"curies":[{"name":"wp","href":"https:\/\/api.w.org\/{rel}","templated":true}]}}