{"id":641,"date":"2022-11-15T10:43:09","date_gmt":"2022-11-15T09:43:09","guid":{"rendered":"https:\/\/catedraendesa.unizar.es\/catedraweb\/?page_id=641"},"modified":"2025-06-23T16:10:22","modified_gmt":"2025-06-23T14:10:22","slug":"premios","status":"publish","type":"page","link":"https:\/\/catedraendesa.unizar.es\/catedraweb\/premios\/","title":{"rendered":"Premios"},"content":{"rendered":"\n<p>ENDESA est\u00e1 continuamente buscando soluciones alternativas a los problemas propios de la distribuci\u00f3n de energ\u00eda, por ello cada a\u00f1o selecciona al mejor TFG y al mejor TFM de la Universidad de Zaragoza que responda a alguna de dichas necesidades, concediendo un premio de 1000 \u20ac y un diploma acreditativo a los alumnos, as\u00ed como un diploma acreditativo a los profesores que han dirigido los proyectos. Los proyectos ganadores se presentan en una Jornada espec\u00edfica en las instalaciones de Endesa en Zaragoza, ante personal de primer nivel de la empresa.<\/p>\n\n\n\n<h3 class=\"wp-block-heading\">Curso 2023\/2024<\/h3>\n\n\n\n<p><strong>Mejor TFG:<\/strong> Integraci\u00f3n de recursos el\u00e9ctricos distribuidos en redes rurales<\/p>\n\n\n\n<ul class=\"wp-block-list\">\n<li>Autor: Silvio -Ra\u00fal Cuc<\/li>\n\n\n\n<li>Director: Mar\u00eda Paz Comech Moreno<\/li>\n<\/ul>\n\n\n\n<p>En el proyecto tiene como objetivo analizar los l\u00edmites de la penetraci\u00f3n de las instalaciones de generaci\u00f3n fotovoltaica distribuidas y de veh\u00edculos el\u00e9ctricos en un pueblo de Arag\u00f3n, y proponer soluciones para mejorar dicha penetraci\u00f3n.<\/p>\n\n\n\n<p><strong>Mejor TFM:&nbsp;<\/strong> An\u00e1lisis de la casu\u00edstica de accidentes de aves en l\u00edneas el\u00e9ctricas de Arag\u00f3n usando t\u00e9cnicas Big Data<\/p>\n\n\n\n<ul class=\"wp-block-list\">\n<li>Autor: Alejandro Escart\u00edn Cerra<\/li>\n\n\n\n<li>Directores: Julio Javier Melero Estela<\/li>\n<\/ul>\n\n\n\n<p>El trabajo ha consistido en el an\u00e1lisis mediante t\u00e9cnicas Big Data de las diferentes causas de accidentes de aves en l\u00edneas de distribuci\u00f3n el\u00e9ctricas, con el objetivo de predecir las ubicaciones de las l\u00edneas el\u00e9ctricas m\u00e1s peligrosas en la comunidad de Arag\u00f3n, centr\u00e1ndose en el an\u00e1lisis de las causas y la evaluaci\u00f3n de los riesgos.<\/p>\n\n\n\n<p>La entrega de los premios se realiz\u00f3 el viernes 13 de junio en el Sal\u00f3n de Actos \u00abMarco Carrera\u00bb del edificio Betancourt. Asistiendo D. Ignacio Montaner, Director General de Endesa en Arag\u00f3n y el Director de la C\u00e1tedra Jos\u00e9 Fco Sanz.<\/p>\n\n\n\n<p><a href=\"https:\/\/eina.unizar.es\/noticia\/las-catedras-premian-el-talento-en-la-eina\">Las C\u00e1tedras premian el talento en la EINA<\/a><\/p>\n\n\n<div class=\"wp-block-image\">\n<figure class=\"aligncenter size-large is-resized\"><img loading=\"lazy\" decoding=\"async\" width=\"1024\" height=\"729\" src=\"https:\/\/catedraendesa.unizar.es\/catedraweb\/wp-content\/uploads\/2025\/06\/Entrega-de-premio_2-1024x729.jpg\" alt=\"\" class=\"wp-image-1002\" style=\"width:589px;height:auto\" srcset=\"https:\/\/catedraendesa.unizar.es\/catedraweb\/wp-content\/uploads\/2025\/06\/Entrega-de-premio_2-1024x729.jpg 1024w, https:\/\/catedraendesa.unizar.es\/catedraweb\/wp-content\/uploads\/2025\/06\/Entrega-de-premio_2-300x214.jpg 300w, https:\/\/catedraendesa.unizar.es\/catedraweb\/wp-content\/uploads\/2025\/06\/Entrega-de-premio_2-768x547.jpg 768w, https:\/\/catedraendesa.unizar.es\/catedraweb\/wp-content\/uploads\/2025\/06\/Entrega-de-premio_2.jpg 1519w\" sizes=\"auto, (max-width: 1024px) 100vw, 1024px\" \/><\/figure><\/div>\n\n\n<p><\/p>\n\n\n\n<h3 class=\"wp-block-heading\">Curso 2022\/2023<\/h3>\n\n\n\n<p id=\"convocatoria-2023-2024\"><strong>Mejor TFG:<\/strong> Detecci\u00f3n autom\u00e1tica de vibraciones e\u00f3licas en cables el\u00e9ctricos a\u00e9reos. Aplicaci\u00f3n en el control de la flecha de los cables.<\/p>\n\n\n\n<ul class=\"wp-block-list\">\n<li>Autor: Jorge Canudo Garc\u00eda<\/li>\n\n\n\n<li>Directores: Jes\u00fas Sub\u00edas Domingo y Pascual Sevillano Reyes<\/li>\n<\/ul>\n\n\n\n<p>El proyecto tiene como uno de sus objetivos el desarrollo de un sistema de medida autom\u00e1tico y en tiempo real de la flecha de los cables a\u00e9reos de tendido el\u00e9ctrico. Parea ello se hace uso de un sistema de sensado \u00f3ptico distribuido de alta fidelidad (HDAS) sobre instalaci\u00f3n existente de fibra \u00f3ptica en el interior de la l\u00ednea de alta tensi\u00f3n.<\/p>\n\n\n\n<p id=\"convocatoria-2023-2024\"><strong>Mejor TFM:<\/strong> Este a\u00f1o se han otorgado dos premios al mejor TFM. Los seleccionados han sido:<\/p>\n\n\n\n<p>1.- An\u00e1lisis de la casu\u00edstica de accidentes de aves en l\u00edneas de tensi\u00f3n usando t\u00e9cnicas Big Data<\/p>\n\n\n\n<ul class=\"wp-block-list\">\n<li>Autor: Luis Jim\u00e9nez Delso<\/li>\n\n\n\n<li>Director: Julio Javier Melero Estela<\/li>\n<\/ul>\n\n\n\n<p>El trabajo ha consistido en el an\u00e1lisis de datos de las diversas causas de accidentes en l\u00edneas el\u00e9ctricas, con el objetivo de predecir las ubicaciones m\u00e1s peligrosas en la red el\u00e9ctrica de la comunidad de Arag\u00f3n. Centrado el an\u00e1lisis en las las causas y la evaluaci\u00f3n de los riesgos asociados.<\/p>\n\n\n\n<p>2.- Evaluaci\u00f3n del impacto de la conexi\u00f3n de bater\u00edas en redes de media y baja tensi\u00f3n con alta penetraci\u00f3n de renovables<\/p>\n\n\n\n<ul class=\"wp-block-list\">\n<li>Autor: Alejandro Martinez Carrasco<\/li>\n\n\n\n<li>Directoras: Maria Paz Comech Moreno y Noemi Gal\u00e1n Hern\u00e1ndez<\/li>\n<\/ul>\n\n\n\n<p>El trabajo aborda el desaf\u00edo que enfrentan los operadores del sistema de distribuci\u00f3n el\u00e9ctrica al integrar las fuentes de energ\u00edas renovables en la red de distribuci\u00f3n. Se enfoca en la utilizaci\u00f3n de sistemas de almacenamiento de energ\u00eda el\u00e9ctrica basados en bater\u00edas como soluci\u00f3n para mitigar problemas y optimizar la capacidad de integraci\u00f3n de las energ\u00edas renovables.<\/p>\n\n\n\n<p>La entrega de los premios se realiz\u00f3 el viernes 7 de junio en el Sal\u00f3n de Actos \u00abMarco Carrera\u00bb del edificio Betancourt, asistiendo D. Ignacio Montaner, Director General de Endesa en Arag\u00f3n y el Director de la C\u00e1tedra Jos\u00e9 Fco Sanz.<\/p>\n\n\n<div class=\"wp-block-image\">\n<figure class=\"aligncenter size-large is-resized\"><img loading=\"lazy\" decoding=\"async\" width=\"768\" height=\"500\" src=\"https:\/\/catedraendesa.unizar.es\/catedraweb\/wp-content\/uploads\/2024\/06\/premios-3-768x500.jpg\" alt=\"\" class=\"wp-image-837\" style=\"width:582px;height:auto\" srcset=\"https:\/\/catedraendesa.unizar.es\/catedraweb\/wp-content\/uploads\/2024\/06\/premios-3-768x500.jpg 768w, https:\/\/catedraendesa.unizar.es\/catedraweb\/wp-content\/uploads\/2024\/06\/premios-3-300x195.jpg 300w, https:\/\/catedraendesa.unizar.es\/catedraweb\/wp-content\/uploads\/2024\/06\/premios-3.jpg 770w\" sizes=\"auto, (max-width: 768px) 100vw, 768px\" \/><\/figure><\/div>\n\n\n<h3 class=\"wp-block-heading\">Curso 2021\/2022<\/h3>\n\n\n\n<p><strong>Mejor TFG:<\/strong> Dise\u00f1o de la instalaci\u00f3n el\u00e9ctrica de un aparcamiento para la recarga de autobuses el\u00e9ctricos<\/p>\n\n\n\n<ul class=\"wp-block-list\">\n<li>Autor:<\/li>\n\n\n\n<li>Director: Antonio Monta\u00f1\u00e9s Espinosa<\/li>\n<\/ul>\n\n\n\n<p>En este proyecto se dimensiona una instalaci\u00f3n el\u00e9ctrica con 37 cargadores de 100kW y 38 cargadores de 150kW, que permitir\u00e1n la carga de autobuses de 12 metros y 18 metros. Los de 12 metros dispondr\u00e1n de cargadores de 100kW con pant\u00f3grafo instalado sobre el propio bus, mientras los de 18 metros dispondr\u00e1n de los cargadores de 150kW con pant\u00f3grafo invertido, todos ellos de ABB, estos \u00faltimos aligeran el peso que tienen que llevar encima los autobuses, ya que todo el sistema de carga se encuentra en los puntos de carga.<\/p>\n\n\n\n<p><strong>Mejor TFM:&nbsp;<\/strong> Evaluaci\u00f3n de distintos modelos de vida de bater\u00edas de i\u00f3n-litio en sistemas el\u00e9ctricos aislados y conectados a la red<\/p>\n\n\n\n<ul class=\"wp-block-list\">\n<li>Autor:<\/li>\n\n\n\n<li>Directores: Rodolfo Dufo L\u00f3pez y Ra\u00fal igual Catal\u00e1n<\/li>\n<\/ul>\n\n\n\n<p>En este proyecto se han implementado varios modelos existentes, obtenidos tras una profunda revisi\u00f3n bibliogr\u00e1fica, para la estimaci\u00f3n de la vida \u00fatil de las bater\u00edas. Cada uno de los modelos realizados, se han aplicado a la simulaci\u00f3n de sistemas fotovoltaicos aut\u00f3nomos y conectados a la red el\u00e9ctrica, haciendo uso del programa Microsoft Excel.<\/p>\n\n\n\n<p>La entrega de los premios se realiz\u00f3 el viernes 9 de junio en el Sal\u00f3n de Actos \u00abMarco Carrera\u00bb del edificio Betancourt. Asistiendo D. Ignacio Montaner, Director General de Endesa en Arag\u00f3n, D. Orlando Ballar\u00edn, responsable salud, seguridad y medioambiente de e-Distribuci\u00f3n y el Director de la C\u00e1tedra Jos\u00e9 Fco Sanz.<\/p>\n\n\n<div class=\"wp-block-image\">\n<figure class=\"aligncenter size-full is-resized\"><img loading=\"lazy\" decoding=\"async\" width=\"770\" height=\"513\" src=\"https:\/\/catedraendesa.unizar.es\/catedraweb\/wp-content\/uploads\/2023\/07\/premios-2.jpg\" alt=\"\" class=\"wp-image-726\" style=\"width:583px;height:389px\" srcset=\"https:\/\/catedraendesa.unizar.es\/catedraweb\/wp-content\/uploads\/2023\/07\/premios-2.jpg 770w, https:\/\/catedraendesa.unizar.es\/catedraweb\/wp-content\/uploads\/2023\/07\/premios-2-300x200.jpg 300w, https:\/\/catedraendesa.unizar.es\/catedraweb\/wp-content\/uploads\/2023\/07\/premios-2-768x512.jpg 768w, https:\/\/catedraendesa.unizar.es\/catedraweb\/wp-content\/uploads\/2023\/07\/premios-2-272x182.jpg 272w\" sizes=\"auto, (max-width: 770px) 100vw, 770px\" \/><\/figure><\/div>\n\n\n<p><a href=\"https:\/\/eina.unizar.es\/noticia\/premios-catedras\">https:\/\/eina.unizar.es\/noticia\/premios-catedras<\/a><\/p>\n\n\n\n<h3 class=\"wp-block-heading\">Curso 2020\/2021<\/h3>\n\n\n\n<p><strong>Mejor TFG<\/strong>: Potenciaci\u00f3n de una l\u00ednea de 132 kV mediante nuevos conductores HTLS<\/p>\n\n\n\n<ul class=\"wp-block-list\">\n<li>Autor: Arce Manuel Argudo Panadero<\/li>\n\n\n\n<li>Director: Antonio Us\u00f3n Sarda\u00f1a<\/li>\n<\/ul>\n\n\n\n<p>En el proyecto se hace un estudio sobre la potenciaci\u00f3n de una l\u00ednea el\u00e9ctrica de alta tensi\u00f3n mediante el aumento de la corriente m\u00e1xima admisible con el fin de aumentar su capacidad de transporte. Este incremento en la intensidad de corriente se consigue sustituyendo los cables de aluminio reforzado con acero tradicionales con los que contaba la l\u00ednea original por conductores de alta temperatura y baja flecha (HTLS).<\/p>\n\n\n\n<p><strong>Mejor TFM<\/strong>:&nbsp; An\u00e1lisis de la integraci\u00f3n de recursos energ\u00e9ticos distribuidos en redes rurales mediante simulaci\u00f3n en PowerFactory<\/p>\n\n\n\n<ul class=\"wp-block-list\">\n<li>Autora: Elena Arrazola Puerta<\/li>\n\n\n\n<li>Directora: Mar\u00eda Paz Comech Moreno<\/li>\n<\/ul>\n\n\n\n<p>En este Proyecto, que se enmarca dentro de las l\u00edneas de Investigaci\u00f3n prioritarias de Endesa, se analiza el posible impacto en diversos par\u00e1metros el\u00e9ctricos tales como la tensi\u00f3n, las p\u00e9rdidas o la corriente, cuando se integran recursos energ\u00e9ticos distribuidos en una red rural de media tensi\u00f3n. Para llevar a cabo los an\u00e1lisis y las simulaciones necesarias, se cuenta con la ayuda del programa PowerFactory, una herramienta especializada en el c\u00e1lculo de sistemas el\u00e9ctricos de potencia.<\/p>\n\n\n\n<p>La entrega de los premios se realiz\u00f3 el viernes, 10 de junio en el Sal\u00f3n de Actos \u00abMarco Carrera\u00bb del edificio Betancourt. Asistieron D. Ignacio Montaner, Director General de Endesa, Do\u00f1a Alicia S\u00e1nchez, Coordinadora de C\u00e1tedras de Endesa y el Director de la C\u00e1tedra Jos\u00e9 Fco Sanz.<\/p>\n\n\n<div class=\"wp-block-image\">\n<figure class=\"aligncenter size-full is-resized\"><img loading=\"lazy\" decoding=\"async\" width=\"770\" height=\"513\" src=\"https:\/\/catedraendesa.unizar.es\/catedraweb\/wp-content\/uploads\/2022\/11\/premios.jpg\" alt=\"\" class=\"wp-image-654\" style=\"width:585px;height:389px\" srcset=\"https:\/\/catedraendesa.unizar.es\/catedraweb\/wp-content\/uploads\/2022\/11\/premios.jpg 770w, https:\/\/catedraendesa.unizar.es\/catedraweb\/wp-content\/uploads\/2022\/11\/premios-300x200.jpg 300w, https:\/\/catedraendesa.unizar.es\/catedraweb\/wp-content\/uploads\/2022\/11\/premios-768x512.jpg 768w, https:\/\/catedraendesa.unizar.es\/catedraweb\/wp-content\/uploads\/2022\/11\/premios-272x182.jpg 272w\" sizes=\"auto, (max-width: 770px) 100vw, 770px\" \/><\/figure><\/div>\n\n\n<p><a class=\"ek-link\" href=\"https:\/\/aragonuniversidad.es\/universidad\/la-catedra-de-endesa-otorga-los-premios-a-los-mejores-tfg-y-tfm-de-la-eina\/\">https:\/\/aragonuniversidad.es\/universidad\/la-catedra-de-endesa-otorga-los-premios-a-los-mejores-tfg-y-tfm-de-la-eina\/<\/a><\/p>\n\n\n\n<h3 class=\"wp-block-heading\">Curso 2019\/2020<\/h3>\n\n\n\n<p><strong>Mejor TFG<\/strong>: Modelado de Aspectos Sociales del Comportamiento Humano para Mejorar las Simulaciones del Smart-Grid<\/p>\n\n\n\n<ul class=\"wp-block-list\">\n<li>Autor: Javier Macarrilla Bastida<\/li>\n\n\n\n<li>Director: Rafael Tolosana Calasanz<\/li>\n<\/ul>\n\n\n\n<p>Este proyecto supone un paso en an\u00e1lisis de c\u00f3mo la respuesta a la demanda se ofrece como un servicio de flexibilidad, desde el punto de vista de la involucraci\u00f3n del cliente activo. En el proyecto se modelan los supuestos socio-t\u00e9cnicos que sustentan los modelos de demanda de energ\u00eda y unos perfiles de confort, de manera que se pueda simular el grado de adopci\u00f3n y de satisfacci\u00f3n de la respuesta a la demanda, respecto del confort t\u00e9rmico.<\/p>\n\n\n\n<p><strong>Mejor TFM<\/strong>:&nbsp; Integraci\u00f3n de generaci\u00f3n distribuida en un sistema aislado.<\/p>\n\n\n\n<ul class=\"wp-block-list\">\n<li>Autora: Naira Del Rosario Robaina.<\/li>\n\n\n\n<li>Directora: Mar\u00eda Paz Comech Moreno<\/li>\n<\/ul>\n","protected":false},"excerpt":{"rendered":"<p>ENDESA est\u00e1 continuamente buscando soluciones alternativas a los problemas propios de la distribuci\u00f3n de energ\u00eda, por ello cada a\u00f1o selecciona al mejor TFG y al mejor TFM de la Universidad de Zaragoza que responda a alguna de dichas necesidades, concediendo un premio de 1000 \u20ac y un diploma acreditativo a los alumnos, as\u00ed como un [&hellip;]<\/p>\n","protected":false},"author":1,"featured_media":0,"parent":0,"menu_order":0,"comment_status":"closed","ping_status":"closed","template":"","meta":{"footnotes":""},"class_list":["post-641","page","type-page","status-publish","hentry","post"],"_links":{"self":[{"href":"https:\/\/catedraendesa.unizar.es\/catedraweb\/wp-json\/wp\/v2\/pages\/641","targetHints":{"allow":["GET"]}}],"collection":[{"href":"https:\/\/catedraendesa.unizar.es\/catedraweb\/wp-json\/wp\/v2\/pages"}],"about":[{"href":"https:\/\/catedraendesa.unizar.es\/catedraweb\/wp-json\/wp\/v2\/types\/page"}],"author":[{"embeddable":true,"href":"https:\/\/catedraendesa.unizar.es\/catedraweb\/wp-json\/wp\/v2\/users\/1"}],"replies":[{"embeddable":true,"href":"https:\/\/catedraendesa.unizar.es\/catedraweb\/wp-json\/wp\/v2\/comments?post=641"}],"version-history":[{"count":23,"href":"https:\/\/catedraendesa.unizar.es\/catedraweb\/wp-json\/wp\/v2\/pages\/641\/revisions"}],"predecessor-version":[{"id":1009,"href":"https:\/\/catedraendesa.unizar.es\/catedraweb\/wp-json\/wp\/v2\/pages\/641\/revisions\/1009"}],"wp:attachment":[{"href":"https:\/\/catedraendesa.unizar.es\/catedraweb\/wp-json\/wp\/v2\/media?parent=641"}],"curies":[{"name":"wp","href":"https:\/\/api.w.org\/{rel}","templated":true}]}}