{"id":656,"date":"2022-11-15T11:11:09","date_gmt":"2022-11-15T10:11:09","guid":{"rendered":"https:\/\/catedraendesa.unizar.es\/catedraweb\/?page_id=656"},"modified":"2022-11-15T11:19:45","modified_gmt":"2022-11-15T10:19:45","slug":"ods","status":"publish","type":"page","link":"https:\/\/catedraendesa.unizar.es\/catedraweb\/ods\/","title":{"rendered":"ODS"},"content":{"rendered":"\n<p>La C\u00e1tedra se encuentra fuertemente comprometida con los Objetivos de Desarrollo Sostenible<\/p>\n\n\n\n<figure class=\"wp-block-image size-large\"><img loading=\"lazy\" decoding=\"async\" width=\"1024\" height=\"685\" src=\"https:\/\/catedraendesa.unizar.es\/catedraweb\/wp-content\/uploads\/2022\/11\/ods-1024x685.jpg\" alt=\"\" class=\"wp-image-661\" srcset=\"https:\/\/catedraendesa.unizar.es\/catedraweb\/wp-content\/uploads\/2022\/11\/ods-1024x685.jpg 1024w, https:\/\/catedraendesa.unizar.es\/catedraweb\/wp-content\/uploads\/2022\/11\/ods-300x201.jpg 300w, https:\/\/catedraendesa.unizar.es\/catedraweb\/wp-content\/uploads\/2022\/11\/ods-768x514.jpg 768w, https:\/\/catedraendesa.unizar.es\/catedraweb\/wp-content\/uploads\/2022\/11\/ods-1536x1028.jpg 1536w, https:\/\/catedraendesa.unizar.es\/catedraweb\/wp-content\/uploads\/2022\/11\/ods-272x182.jpg 272w, https:\/\/catedraendesa.unizar.es\/catedraweb\/wp-content\/uploads\/2022\/11\/ods.jpg 1947w\" sizes=\"auto, (max-width: 1024px) 100vw, 1024px\" \/><\/figure>\n\n\n\n<p>Muy especialmente en lo relativo a:<\/p>\n\n\n\n<p><strong>Objetivo 4<\/strong>: Garantizar una educaci\u00f3n inclusiva, equitativa y de calidad y promover oportunidades de aprendizaje durante toda la vida para todos<\/p>\n\n\n\n<ul class=\"wp-block-list\">\n<li>4.3\u00a0\u00a0De aqu\u00ed a 2030, asegurar el acceso igualitario de todos los hombres y las mujeres a una formaci\u00f3n t\u00e9cnica, profesional y superior de calidad, incluida la ense\u00f1anza universitaria<\/li>\n\n\n\n<li>4.4\u00a0\u00a0De aqu\u00ed a 2030, aumentar considerablemente el n\u00famero de j\u00f3venes y adultos que tienen las competencias necesarias, en particular t\u00e9cnicas y profesionales, para acceder al empleo, el trabajo decente y el emprendimiento<\/li>\n<\/ul>\n\n\n\n<p><strong>Objetivo 5<\/strong>: Lograr la igualdad entre los g\u00e9neros y empoderar a todas las mujeres y las ni\u00f1as<\/p>\n\n\n\n<ul class=\"wp-block-list\">\n<li>5.5 Asegurar la participaci\u00f3n plena y efectiva de las mujeres y la igualdad de oportunidades de liderazgo a todos los niveles decisorios en la vida pol\u00edtica, econ\u00f3mica y p\u00fablica<\/li>\n<\/ul>\n\n\n\n<p><strong>Objetivo 7<\/strong>: Garantizar el acceso a una energ\u00eda asequible, segura, sostenible y moderna<\/p>\n\n\n\n<ul class=\"wp-block-list\">\n<li>7.1&nbsp; De aqu\u00ed a 2030, garantizar el acceso universal a servicios energ\u00e9ticos asequibles, fiables y modernos<\/li>\n\n\n\n<li>7.2&nbsp; De aqu\u00ed a 2030, aumentar considerablemente la proporci\u00f3n de energ\u00eda renovable en el conjunto de fuentes energ\u00e9ticas<\/li>\n\n\n\n<li>7.3&nbsp; De aqu\u00ed a 2030, duplicar la tasa mundial de mejora de la eficiencia energ\u00e9tica<\/li>\n\n\n\n<li>7.a&nbsp; De aqu\u00ed a 2030, aumentar la cooperaci\u00f3n internacional para facilitar el acceso a la investigaci\u00f3n y la tecnolog\u00eda relativas a la energ\u00eda limpia, incluidas las fuentes renovables, la eficiencia energ\u00e9tica y las tecnolog\u00edas avanzadas y menos contaminantes de combustibles f\u00f3siles, y promover la inversi\u00f3n en infraestructura energ\u00e9tica y tecnolog\u00edas limpias<\/li>\n\n\n\n<li>7.b\u00a0 De aqu\u00ed a 2030, ampliar la infraestructura y mejorar la tecnolog\u00eda para prestar servicios energ\u00e9ticos modernos y sostenibles para todos en los pa\u00edses en desarrollo, en particular los pa\u00edses menos adelantados, los peque\u00f1os Estados insulares en desarrollo y los pa\u00edses en desarrollo sin litoral, en consonancia con sus respectivos programas de apoyo<\/li>\n<\/ul>\n\n\n\n<p><strong>Objetivo 8<\/strong>: Promover el crecimiento econ\u00f3mico inclusivo y sostenible, el empleo y el trabajo decente para todos<\/p>\n\n\n\n<ul class=\"wp-block-list\">\n<li>8.1&nbsp; Mantener el crecimiento econ\u00f3mico per capita de conformidad con las circunstancias nacionales y, en particular, un crecimiento del producto interno bruto de al menos el 7% anual en los pa\u00edses menos adelantados<\/li>\n\n\n\n<li>8.2&nbsp; Lograr niveles m\u00e1s elevados de productividad econ\u00f3mica mediante la diversificaci\u00f3n, la modernizaci\u00f3n tecnol\u00f3gica y la innovaci\u00f3n, entre otras cosas centr\u00e1ndose en los sectores con gran valor a\u00f1adido y un uso intensivo de la mano de obra<\/li>\n\n\n\n<li>8.3&nbsp; Promover pol\u00edticas orientadas al desarrollo que apoyen las actividades productivas, la creaci\u00f3n de puestos de trabajo decentes, el emprendimiento, la creatividad y la innovaci\u00f3n, y fomentar la formalizaci\u00f3n y el crecimiento de las microempresas y las peque\u00f1as y medianas empresas, incluso mediante el acceso a servicios financieros<\/li>\n\n\n\n<li>8.4 Mejorar progresivamente, de aqu\u00ed a 2030, la producci\u00f3n y el consumo eficientes de los recursos mundiales y procurar desvincular el crecimiento econ\u00f3mico de la degradaci\u00f3n del medio ambiente, conforme al Marco Decenal de Programas sobre modalidades de Consumo y Producci\u00f3n Sostenibles, empezando por los pa\u00edses desarrollados<\/li>\n\n\n\n<li>8.5&nbsp; De aqu\u00ed a 2030, lograr el empleo pleno y productivo y el trabajo decente para todas las mujeres y los hombres, incluidos los j\u00f3venes y las personas con discapacidad, as\u00ed como la igualdad de remuneraci\u00f3n por trabajo de igual valor<\/li>\n<\/ul>\n\n\n\n<p><strong>Objetivo 9<\/strong>: Construir infraestructuras resilientes, promover la industrializaci\u00f3n sostenible y fomentar la innovaci\u00f3n<\/p>\n\n\n\n<ul class=\"wp-block-list\">\n<li>9.1 Desarrollar infraestructuras fiables, sostenibles, resilientes y de calidad, incluidas infraestructuras regionales y transfronterizas, para apoyar el desarrollo econ\u00f3mico y el bienestar humano, haciendo especial hincapi\u00e9 en el acceso asequible y equitativo para todos<\/li>\n<\/ul>\n\n\n\n<p><strong>Objetivo 11<\/strong>: Lograr que las ciudades sean m\u00e1s inclusivas, seguras, resilientes y sostenibles<\/p>\n\n\n\n<ul class=\"wp-block-list\">\n<li>11.1 De aqu\u00ed a 2030, asegurar el acceso de todas las personas a viviendas y servicios b\u00e1sicos adecuados, seguros y asequibles y mejorar los barrios marginales<\/li>\n\n\n\n<li>11.b De aqu\u00ed a 2020, aumentar considerablemente el n\u00famero de ciudades y asentamientos humanos que adoptan e implementan pol\u00edticas y planes integrados para promover la inclusi\u00f3n, el uso eficiente de los recursos, la mitigaci\u00f3n del cambio clim\u00e1tico y la adaptaci\u00f3n a \u00e9l y la resiliencia ante los desastres, y desarrollar y poner en pr\u00e1ctica, en consonancia con el Marco de Sendai para la Reducci\u00f3n del Riesgo de Desastres 2015-2030, la gesti\u00f3n integral de los riesgos de desastre a todos los niveles<\/li>\n<\/ul>\n\n\n\n<p><strong>Objetivo 12<\/strong>: Garantizar modalidades de consumo y producci\u00f3n sostenibles<\/p>\n\n\n\n<ul class=\"wp-block-list\">\n<li>12.2 De aqu\u00ed a 2030, lograr la gesti\u00f3n sostenible y el uso eficiente de los recursos naturales<\/li>\n<\/ul>\n\n\n\n<p><strong>Objetivo 13<\/strong>: Adoptar medidas urgentes para combatir el cambio clim\u00e1tico y sus efectos<\/p>\n\n\n\n<ul class=\"wp-block-list\">\n<li>13.1 Fortalecer la resiliencia y la capacidad de adaptaci\u00f3n a los riesgos relacionados con el clima y los desastres naturales en todos los pa\u00edses<\/li>\n\n\n\n<li>13.2 Incorporar medidas relativas al cambio clim\u00e1tico en las pol\u00edticas, estrategias y planes nacionales<\/li>\n\n\n\n<li>13.3 Mejorar la educaci\u00f3n, la sensibilizaci\u00f3n y la capacidad humana e institucional respecto de la mitigaci\u00f3n del cambio clim\u00e1tico, la adaptaci\u00f3n a \u00e9l, la reducci\u00f3n de sus efectos y la alerta temprana<\/li>\n<\/ul>\n","protected":false},"excerpt":{"rendered":"<p>La C\u00e1tedra se encuentra fuertemente comprometida con los Objetivos de Desarrollo Sostenible Muy especialmente en lo relativo a: Objetivo 4: Garantizar una educaci\u00f3n inclusiva, equitativa y de calidad y promover oportunidades de aprendizaje durante toda la vida para todos Objetivo 5: Lograr la igualdad entre los g\u00e9neros y empoderar a todas las mujeres y las [&hellip;]<\/p>\n","protected":false},"author":1,"featured_media":0,"parent":0,"menu_order":0,"comment_status":"closed","ping_status":"closed","template":"","meta":{"footnotes":""},"class_list":["post-656","page","type-page","status-publish","hentry","post"],"_links":{"self":[{"href":"https:\/\/catedraendesa.unizar.es\/catedraweb\/wp-json\/wp\/v2\/pages\/656","targetHints":{"allow":["GET"]}}],"collection":[{"href":"https:\/\/catedraendesa.unizar.es\/catedraweb\/wp-json\/wp\/v2\/pages"}],"about":[{"href":"https:\/\/catedraendesa.unizar.es\/catedraweb\/wp-json\/wp\/v2\/types\/page"}],"author":[{"embeddable":true,"href":"https:\/\/catedraendesa.unizar.es\/catedraweb\/wp-json\/wp\/v2\/users\/1"}],"replies":[{"embeddable":true,"href":"https:\/\/catedraendesa.unizar.es\/catedraweb\/wp-json\/wp\/v2\/comments?post=656"}],"version-history":[{"count":6,"href":"https:\/\/catedraendesa.unizar.es\/catedraweb\/wp-json\/wp\/v2\/pages\/656\/revisions"}],"predecessor-version":[{"id":668,"href":"https:\/\/catedraendesa.unizar.es\/catedraweb\/wp-json\/wp\/v2\/pages\/656\/revisions\/668"}],"wp:attachment":[{"href":"https:\/\/catedraendesa.unizar.es\/catedraweb\/wp-json\/wp\/v2\/media?parent=656"}],"curies":[{"name":"wp","href":"https:\/\/api.w.org\/{rel}","templated":true}]}}

<p>La Cátedra se encuentra fuertemente comprometida con los Objetivos de Desarrollo Sostenible</p>



<figure class="wp-block-image size-large"><img loading="lazy" decoding="async" width="1024" height="685" src="https://catedraendesa.unizar.es/catedraweb/wp-content/uploads/2022/11/ods-1024x685.jpg" alt="" class="wp-image-661" srcset="https://catedraendesa.unizar.es/catedraweb/wp-content/uploads/2022/11/ods-1024x685.jpg 1024w, https://catedraendesa.unizar.es/catedraweb/wp-content/uploads/2022/11/ods-300x201.jpg 300w, https://catedraendesa.unizar.es/catedraweb/wp-content/uploads/2022/11/ods-768x514.jpg 768w, https://catedraendesa.unizar.es/catedraweb/wp-content/uploads/2022/11/ods-1536x1028.jpg 1536w, https://catedraendesa.unizar.es/catedraweb/wp-content/uploads/2022/11/ods-272x182.jpg 272w, https://catedraendesa.unizar.es/catedraweb/wp-content/uploads/2022/11/ods.jpg 1947w" sizes="auto, (max-width: 1024px) 100vw, 1024px" /></figure>



<p>Muy especialmente en lo relativo a:</p>



<p><strong>Objetivo 4</strong>: Garantizar una educación inclusiva, equitativa y de calidad y promover oportunidades de aprendizaje durante toda la vida para todos</p>



<ul class="wp-block-list">
<li>4.3  De aquí a 2030, asegurar el acceso igualitario de todos los hombres y las mujeres a una formación técnica, profesional y superior de calidad, incluida la enseñanza universitaria</li>



<li>4.4  De aquí a 2030, aumentar considerablemente el número de jóvenes y adultos que tienen las competencias necesarias, en particular técnicas y profesionales, para acceder al empleo, el trabajo decente y el emprendimiento</li>
</ul>



<p><strong>Objetivo 5</strong>: Lograr la igualdad entre los géneros y empoderar a todas las mujeres y las niñas</p>



<ul class="wp-block-list">
<li>5.5 Asegurar la participación plena y efectiva de las mujeres y la igualdad de oportunidades de liderazgo a todos los niveles decisorios en la vida política, económica y pública</li>
</ul>



<p><strong>Objetivo 7</strong>: Garantizar el acceso a una energía asequible, segura, sostenible y moderna</p>



<ul class="wp-block-list">
<li>7.1&nbsp; De aquí a 2030, garantizar el acceso universal a servicios energéticos asequibles, fiables y modernos</li>



<li>7.2&nbsp; De aquí a 2030, aumentar considerablemente la proporción de energía renovable en el conjunto de fuentes energéticas</li>



<li>7.3&nbsp; De aquí a 2030, duplicar la tasa mundial de mejora de la eficiencia energética</li>



<li>7.a&nbsp; De aquí a 2030, aumentar la cooperación internacional para facilitar el acceso a la investigación y la tecnología relativas a la energía limpia, incluidas las fuentes renovables, la eficiencia energética y las tecnologías avanzadas y menos contaminantes de combustibles fósiles, y promover la inversión en infraestructura energética y tecnologías limpias</li>



<li>7.b  De aquí a 2030, ampliar la infraestructura y mejorar la tecnología para prestar servicios energéticos modernos y sostenibles para todos en los países en desarrollo, en particular los países menos adelantados, los pequeños Estados insulares en desarrollo y los países en desarrollo sin litoral, en consonancia con sus respectivos programas de apoyo</li>
</ul>



<p><strong>Objetivo 8</strong>: Promover el crecimiento económico inclusivo y sostenible, el empleo y el trabajo decente para todos</p>



<ul class="wp-block-list">
<li>8.1&nbsp; Mantener el crecimiento económico per capita de conformidad con las circunstancias nacionales y, en particular, un crecimiento del producto interno bruto de al menos el 7% anual en los países menos adelantados</li>



<li>8.2&nbsp; Lograr niveles más elevados de productividad económica mediante la diversificación, la modernización tecnológica y la innovación, entre otras cosas centrándose en los sectores con gran valor añadido y un uso intensivo de la mano de obra</li>



<li>8.3&nbsp; Promover políticas orientadas al desarrollo que apoyen las actividades productivas, la creación de puestos de trabajo decentes, el emprendimiento, la creatividad y la innovación, y fomentar la formalización y el crecimiento de las microempresas y las pequeñas y medianas empresas, incluso mediante el acceso a servicios financieros</li>



<li>8.4 Mejorar progresivamente, de aquí a 2030, la producción y el consumo eficientes de los recursos mundiales y procurar desvincular el crecimiento económico de la degradación del medio ambiente, conforme al Marco Decenal de Programas sobre modalidades de Consumo y Producción Sostenibles, empezando por los países desarrollados</li>



<li>8.5&nbsp; De aquí a 2030, lograr el empleo pleno y productivo y el trabajo decente para todas las mujeres y los hombres, incluidos los jóvenes y las personas con discapacidad, así como la igualdad de remuneración por trabajo de igual valor</li>
</ul>



<p><strong>Objetivo 9</strong>: Construir infraestructuras resilientes, promover la industrialización sostenible y fomentar la innovación</p>



<ul class="wp-block-list">
<li>9.1 Desarrollar infraestructuras fiables, sostenibles, resilientes y de calidad, incluidas infraestructuras regionales y transfronterizas, para apoyar el desarrollo económico y el bienestar humano, haciendo especial hincapié en el acceso asequible y equitativo para todos</li>
</ul>



<p><strong>Objetivo 11</strong>: Lograr que las ciudades sean más inclusivas, seguras, resilientes y sostenibles</p>



<ul class="wp-block-list">
<li>11.1 De aquí a 2030, asegurar el acceso de todas las personas a viviendas y servicios básicos adecuados, seguros y asequibles y mejorar los barrios marginales</li>



<li>11.b De aquí a 2020, aumentar considerablemente el número de ciudades y asentamientos humanos que adoptan e implementan políticas y planes integrados para promover la inclusión, el uso eficiente de los recursos, la mitigación del cambio climático y la adaptación a él y la resiliencia ante los desastres, y desarrollar y poner en práctica, en consonancia con el Marco de Sendai para la Reducción del Riesgo de Desastres 2015-2030, la gestión integral de los riesgos de desastre a todos los niveles</li>
</ul>



<p><strong>Objetivo 12</strong>: Garantizar modalidades de consumo y producción sostenibles</p>



<ul class="wp-block-list">
<li>12.2 De aquí a 2030, lograr la gestión sostenible y el uso eficiente de los recursos naturales</li>
</ul>



<p><strong>Objetivo 13</strong>: Adoptar medidas urgentes para combatir el cambio climático y sus efectos</p>



<ul class="wp-block-list">
<li>13.1 Fortalecer la resiliencia y la capacidad de adaptación a los riesgos relacionados con el clima y los desastres naturales en todos los países</li>



<li>13.2 Incorporar medidas relativas al cambio climático en las políticas, estrategias y planes nacionales</li>



<li>13.3 Mejorar la educación, la sensibilización y la capacidad humana e institucional respecto de la mitigación del cambio climático, la adaptación a él, la reducción de sus efectos y la alerta temprana</li>
</ul>

<p>La Cátedra se encuentra fuertemente comprometida con los Objetivos de Desarrollo Sostenible Muy especialmente en lo relativo a: Objetivo 4: Garantizar una educación inclusiva, equitativa y de calidad y promover oportunidades de aprendizaje durante toda la vida para todos Objetivo 5: Lograr la igualdad entre los géneros y empoderar a todas las mujeres y las [&hellip;]</p>
